22
Let v(n) = -n**2 + 2*n + 111. Let t be v(9). Let s be (-34)/(-3) + 4/6. What is the greatest common divisor of s and t?
12
Let b be -4 - (-9)/(27/48). Calculate the highest common factor of 30 and b.
6
Let i be ((-6)/(-4))/(4/56). What is the greatest common factor of 21 and i?
21
Let m(p) = 3*p**2. Suppose 4*c - 9*c = 25. Let g be m(c). Calculate the greatest common factor of 15 and g.
15
Let c(f) = 10*f**2 + 2*f - 6. Let x be c(4). Calculate the highest common factor of 18 and x.
18
Let p be (-3 - -2)*90/(-1). Calculate the highest common divisor of p and 18.
18
Suppose -3*z + 63 = -2*s - 101, 58 = z + s. What is the highest common divisor of z and 14?
14
Suppose -6 = v - 22. What is the highest common divisor of 24 and v?
8
Let x be (0 + 30)/(1 - -1). Calculate the highest common factor of x and 165.
15
Let t(m) = m**3 + 8*m**2 - 9*m + 12. Let r be t(-9). Calculate the highest common factor of 96 and r.
12
Suppose -237 + 1312 = -5*d. Let i be (d + -1)*8/(-16). Suppose 5*c - 12 = 4*c. Calculate the highest common divisor of c and i.
12
Let k(m) = -m**2 + 6*m + 14. Let a be k(6). Suppose -3*l - 2*l + 280 = 0. What is the highest common divisor of l and a?
14
Suppose 74*v = 73*v + 12. Calculate the highest common divisor of v and 144.
12
Let z = -1 - -5. Suppose 0*y = z*y - i - 80, 3*y - 73 = 4*i. Let r(m) = 43*m - 1. Let k be r(4). What is the highest common divisor of k and y?
19
Suppose -145 = -5*h + o, -5*h + 150 + 25 = 5*o. Let k = h - 21. What is the highest common factor of 3 and k?
3
Suppose -z - 4*b = -6, -4*z = -z - 2*b - 4. Suppose -z*l = 2*l - 88. Calculate the highest common factor of 33 and l.
11
Let k(j) = -5*j**3 + 3*j + 1. Let x(f) = f**2 - 4*f - 7. Let p be x(5). Let g be k(p). Calculate the highest common factor of 7 and g.
7
Let n = -16 + 44. Suppose -6*q + 2*q + 16 = 4*s, 5*s + 4*q = 20. Calculate the greatest common factor of s and n.
4
Suppose 3*x - 51 = 39. Let a be (1 - 0 - -19) + 0. Calculate the highest common divisor of a and x.
10
Let x = -2 + 10. Suppose -2*t = -8 - x. What is the highest common divisor of t and 64?
8
Suppose 0 + 2 = -q. Let h = q + 5. Let b be 87 - (0/h - 3). Calculate the highest common divisor of 10 and b.
10
Suppose -7 = 5*y + 23. Let g be (-5)/((-20)/y)*-44. What is the highest common factor of g and 44?
22
Let x = -1 + 3. Suppose -x*l = -4*c - 30, -c = -2*l - 0*l + 24. Suppose -3*i = 2*i - 55. Calculate the highest common factor of l and i.
11
Let j = 0 + 9. Suppose 0 = -4*p + 2*p. Suppose p = 4*v - 16, 3*n - 4*v - 1 = 1. Calculate the greatest common factor of n and j.
3
Let x be 6 + 37/(-6) - (-193)/6. What is the highest common divisor of x and 8?
8
Suppose -2250 = -14*c - 11*c. Calculate the greatest common factor of c and 54.
18
Let d be (-24)/2*4/(-6). Suppose k - d = -4. Suppose k*f - 43 = 29. Calculate the highest common divisor of 27 and f.
9
Suppose 4*q - 75 = q. Suppose -5*r = -q - 0. Let t be -28*1*(-15)/12. What is the greatest common divisor of t and r?
5
Suppose 5*n = 101 - 26. Let a(r) be the third derivative of -5*r**4/8 + 2*r**2. Let t be a(-1). What is the highest common divisor of n and t?
15
Let l = 12 - 1. What is the greatest common factor of l and 33?
11
Let l be ((-4)/(-6))/(12/126). Let h = l - 1. Calculate the highest common factor of 18 and h.
6
Suppose -3*j + 3*w = -w - 10, -w = 4. Let b be j/9 - (-573)/27. Calculate the greatest common factor of b and 84.
21
Let y be (-68)/(-6) + (-2)/6. Suppose 0 = 5*g - y - 289. Suppose -4*j - j = -g. What is the highest common divisor of j and 6?
6
Let x(f) = f**2 + 18*f + 5. Let d be x(-18). Let p = 1 + -2. Let k be p/(-3) + (-295)/(-15). Calculate the greatest common divisor of d and k.
5
Let z(n) = n + 7. Let m be z(-5). Suppose 0*l - m*l + 19 = 3*d, -4*d + 4 = 0. Calculate the greatest common factor of l and 4.
4
Suppose 5*o - 1 = 14, -2*o = -5*s + 274. Let v be 1/2 + (-75)/(-10). Calculate the highest common factor of v and s.
8
Let w(n) = -n + 3. Suppose 2*j = -0*j + 10, 2*c = -5*j + 31. Suppose 0*q = -c*q. Let k be w(q). Calculate the highest common divisor of k and 3.
3
Let i be 1/(-4) - (-6)/(-8). Let k be 0/i - 12/4. Let f be (0 - (4 + k))/(-1). Calculate the greatest common divisor of 9 and f.
1
Let d be (-627)/(-6)*4/2. Let q(i) = i**2 - 8*i - 1. Suppose -r + 3 + 7 = 0. Let m be q(r). Calculate the highest common divisor of m and d.
19
Suppose 5*k = -4*t - 2, 0 = -2*k - t - 2*t - 5. Suppose -5*n + 104 = k*s, -n + 3*n - 2*s = 36. Calculate the greatest common divisor of 10 and n.
10
Let j be (-1)/(-2) - (-430)/4. Let k = j - 10. What is the greatest common factor of k and 14?
14
Suppose -2*s - 244 = -5*c - 5*s, 2*s - 241 = -5*c. Let y = -21 + c. Let m be 13/(195/200) + 3/(-9). What is the highest common divisor of m and y?
13
Let w be (-16)/(-9) + (3 - 100/36). Suppose u + 3*r + 4 = 0, -12 = -u - 0*u + 5*r. Calculate the greatest common divisor of u and w.
2
Let c(p) = 34 - 10 - 2*p - p**2 + 3*p. Let o be c(0). Suppose 0*k = -5*k + 300. What is the greatest common divisor of o and k?
12
Let t be (-2)/10 + 32/10. Suppose 33 = t*y - 33. What is the greatest common factor of y and 2?
2
Let n(t) = t**3 + 4*t**2 - 7*t + 2. Let w be n(-5). Calculate the highest common factor of 12 and w.
12
Suppose -30 = -3*b + 24. Let w(j) = j**3 - 5*j**2 - 10*j - 2. Let a be w(7). Let l be (-2)/(-2) - (0 - a). Calculate the greatest common factor of b and l.
9
Let f = -55 - -88. Let h = 173 + -151. What is the greatest common divisor of f and h?
11
Suppose 0*z - 192 = -4*z. Let v = 41 + -25. What is the greatest common factor of v and z?
16
Suppose -1 = -2*t + 11. Let q be t/(-21) + (-704)/(-14). Suppose -s - q = -2*s. What is the greatest common divisor of 10 and s?
10
Let g be (180/(-63))/((-2)/14). Let b = 5 - -75. Calculate the highest common factor of b and g.
20
Let f(q) = 65*q**2 + q. Let m be f(1). What is the greatest common factor of m and 6?
6
Suppose -2*y = 3*g - 24, 0 = -5*y - 3*g - 2*g + 55. Let q(c) = c**3 - 3*c**2 + 4*c + 4. Let i be q(4). What is the highest common factor of y and i?
9
Suppose 2*v - 7 + 1 = 0. Suppose -i + 5*a = -2*i + 17, 0 = 3*i - a - 19. Suppose -i*s + 2*s + 15 = 0. What is the highest common divisor of s and v?
3
Suppose t + 24 = 2*t. Suppose -54 - 10 = 2*j. Let l be -3*(j/3)/2. What is the greatest common factor of l and t?
8
Let k(t) be the first derivative of 2*t**2 - t - 4*t**2 - 2 - 5*t. Let g be k(-7). What is the greatest common divisor of 2 and g?
2
Let x be 158/(-6) - 2/3. Let y = x - -15. Let v be (-8)/y + (-241)/(-3). Calculate the greatest common factor of 9 and v.
9
Let r = 2 + 9. Calculate the highest common factor of 33 and r.
11
Suppose 2*i - 3*m = i + 28, 37 = 4*i + 3*m. Calculate the highest common divisor of i and 65.
13
Suppose -n + 3*q + 36 = 2*n, -32 = -2*n - 2*q. Let b be (-1724)/(-52) + (-18)/117 + 2. Calculate the greatest common factor of n and b.
7
Let m be 154*(3/(-6) - -2). Calculate the greatest common factor of m and 33.
33
Let w(r) = 5 + 0 - 4 + 2 + 2*r**2 - 10*r. Let c be w(9). Calculate the greatest common factor of 30 and c.
15
Let f(n) = 18*n**2 - 7*n - 1. Let a be f(3). Calculate the greatest common divisor of a and 20.
20
Suppose -40*c + 41*c - 12 = 0. Calculate the highest common divisor of c and 18.
6
Let j = -17 + 19. Suppose -5*f = j*b - 181 - 207, 5*f - 3*b - 393 = 0. What is the greatest common divisor of 26 and f?
26
Suppose 3*d - 31 - 35 = 0. Suppose -t = -2*t - 1. Let v(a) = -3*a**3 - a**2 + a + 1. Let u be v(t). Calculate the greatest common divisor of d and u.
2
Suppose -4*p = -406 + 66. Let x(w) = -12*w - 12. Let v be x(-6). Let c = p - v. What is the greatest common divisor of c and 5?
5
Suppose 5*q - 25 = -0*q. Suppose q*d + 55 = -5*h, 0*h - 2*h = -2*d + 18. Let f be ((-8)/h)/(10/675). Calculate the greatest common factor of 18 and f.
18
Suppose 0 = -b - 2*r + 18, 4*r - 18 = -b + 10. Suppose b*z - 550 = 3*z. What is the greatest common factor of 10 and z?
10
Let v(g) = -g**3 + 12*g**2 - 14*g + 4. Let s be v(10). What is the highest common factor of 16 and s?
16
Let v = -16 - -22. Let j = -51 + 99. Calculate the greatest common factor of j and v.
6
Suppose -1 = 8*m - 57. What is the greatest common divisor of 14 and m?
7
Suppose c + 4 = 2*c